a be u(-4). What is the greatest common divisor of 86 and a?
86
Let u(i) be the first derivative of 7*i**2/2 - 5*i - 7. Let b be u(3). Calculate the highest common factor of 128 and b.
16
Let d = 547 - 527. Calculate the highest common divisor of 160 and d.
20
Suppose -64 = -5*a + d + d, d = a - 11. Suppose -50*z + 1050 = -25*z. What is the highest common factor of a and z?
14
Suppose 0 = 4*y - 20 - 0. Suppose -38 = y*t + 4*n - 212, 166 = 5*t - 4*n. What is the greatest common factor of t and 51?
17
Let d(h) be the second derivative of -h**3/6 - 3*h**2 + 2*h. Let t be d(-6). Suppose -v + t = -5. Calculate the highest common factor of 45 and v.
5
Suppose 0 = 8*a - 934 + 22. Calculate the highest common divisor of a and 24.
6
Let a(l) = l**2 + 12*l + 76. Let z be a(-30). What is the highest common factor of 56 and z?
56
Let c(o) = 21 + 4*o + 2*o - 5*o. Let z be c(-10). Calculate the greatest common factor of 55 and z.
11
Let i = -43 + 31. Let u be (-84)/(-4)*(2 - i/(-9)). Suppose 0 = 4*t - 66 - 74. Calculate the highest common divisor of t and u.
7
Let v(b) = 2*b**3 + 12*b**2 + 9*b - 4. Let j be v(-4). Calculate the greatest common divisor of j and 24.
24
Let a(g) = -79*g**2 - 10*g + 1. Let u(m) = 16*m**2 + 2*m. Let d(i) = 2*a(i) + 11*u(i). Let l be d(-2). Calculate the greatest common factor of 10 and l.
10
Let p(g) = g**3 + 4*g**2 - 6*g - 4. Let r be p(-5). Let a be ((-15)/((-25)/5))/1. Suppose -m = 2*m - a. What is the highest common factor of r and m?
1
Suppose 0 = 4*t - 563 - 77. Let g be (-9)/((-135)/250)*(-78)/(-65). Calculate the greatest common factor of g and t.
20
Suppose 13 = z + z + 3*p, -50 = -4*z + 2*p. Let k(o) = o**3 + 6*o**2 - 1. Let i be k(-7). Let g = -28 - i. What is the highest common factor of z and g?
11
Let z = -9 + 17. Let l(c) = c**3 + 17*c**2 + 71*c + 15. Let d be l(-7). What is the greatest common factor of z and d?
8
Let p(z) = -z**3 + 24*z**2 + 7*z. Let q be p(24). Calculate the highest common factor of q and 48.
24
Let r(n) = -21*n - 1 - 17 + 16*n. Let b be r(-4). Calculate the highest common divisor of 5 and b.
1
Suppose 565 = 2*h + 3*b, 20*h - 23*h = -5*b - 800. What is the greatest common divisor of h and 50?
25
Let b = 210 - 147. Let l = -36 + b. Calculate the highest common divisor of l and 108.
27
Let n = -4 + -11. Let t = n - -57. Calculate the greatest common divisor of 6 and t.
6
Suppose 52*k - 61*k = -234. What is the greatest common factor of 65 and k?
13
Suppose h = -2*l - 241, 0 = -4*l - 0*h - 3*h - 483. Let g = l + 143. What is the highest common divisor of 46 and g?
23
Let u be 8 + -12 + 1*20. What is the greatest common factor of 496 and u?
16
Suppose 6*k + 48 - 120 = 0. Let n be 226 + ((-44)/(-33))/(4/6). What is the highest common factor of k and n?
12
Suppose -417*b + 384*b + 26730 = 0. What is the greatest common divisor of 5 and b?
5
Suppose -5*s - 8*m = -3*m - 240, -4*m - 4 = 0. What is the highest common divisor of 539 and s?
49
Suppose -8 = 2*b, 3*c + 4*b - 368 = -24. Calculate the greatest common factor of 9 and c.
3
Let w be (-18)/54*(13 - 1). Let m be (0 + 6)*(-218)/w. Let d = m - 103. Calculate the greatest common divisor of 32 and d.
32
Suppose 56 - 2 = 2*y. Suppose y = -z + 3*u, 5*u - 7*u - 70 = 2*z. Let m = -22 - z. What is the highest common factor of 77 and m?
11
Suppose 1075 = 4*a - 5*o + 31, -2*o = -4*a + 1032. What is the highest common factor of 8 and a?
8
Suppose 3*k = h - 8, -16 = 8*k - 12*k. What is the greatest common divisor of h and 12?
4
Let o(h) = 25 - 23*h + 4 + 2*h**2 + 0 + 1. Let z be o(15). Calculate the greatest common factor of 9 and z.
9
Let g = 276 - 262. Let u = 8 + -12. Let b be (-1884)/(-15) + u/(-10). Calculate the greatest common factor of g and b.
14
Suppose 4*u = -2*u. Suppose u = 6*g - g - 50. What is the highest common factor of 10 and g?
10
Suppose -7*d + 9 = -26. Suppose c = 4, -y = d*c - 14 - 24. What is the highest common factor of y and 54?
18
Let x be 80/(4/56*7/6). Calculate the highest common divisor of x and 24.
24
Let v be 114/627 - 720/(-33). Calculate the greatest common factor of 154 and v.
22
Let m = 20 + -17. Suppose -11 = g + m*v + 4, g = -2*v - 12. Let y be g/6*(-9 - 1). What is the greatest common divisor of 20 and y?
10
Suppose -1623 - 2082 = -13*z. Calculate the greatest common divisor of z and 38.
19
Let c = -21 + 41. Let p be 1/((-5)/c) + 33. Calculate the greatest common factor of 29 and p.
29
Suppose -5*o = -261 + 71. Let h be -4*(o/(-4) - -2). Suppose -20 + 68 = 3*f - u, 2*f + u = 27. What is the greatest common factor of h and f?
15
Suppose i = -i + 4, -w - 5*i = 89. Let u = -11 - w. Suppose 3*m - 19 = -5*f + 4, -4*m = 2*f - 40. What is the greatest common factor of u and m?
11
Let x = 25 - 11. Suppose 13*s - 252 = 6*s. Suppose 4*j = 2*d + 62, -2*d = -2*j - 2 + s. What is the highest common factor of x and j?
14
Suppose -283*g - 156 = -287*g. Calculate the greatest common factor of g and 13.
13
Suppose -20 = -4*j - 4*g - 4, 0 = -2*j + 2*g. Suppose -2*f + t - 2 = f, 0 = f - t + 2. Let d = f - -1. What is the highest common divisor of d and j?
1
Suppose d + 1 - 11 = 0. Let j = 11 + d. Let t = 313 + -82. What is the greatest common divisor of t and j?
21
Let u(t) = t**3 - 15*t**2 + 17*t - 32. Let d be u(14). Suppose -18 = -d*r + 7*r. Calculate the greatest common factor of 54 and r.
6
Let x = -1115 - -1155. What is the greatest common factor of 180 and x?
20
Suppose 0 = -2*g - 4*q + 66, 0 = 4*g - 5*g - q + 34. Suppose 2 = x + 9. Let i(s) = -s - 2. Let y be i(x). Calculate the greatest common divisor of g and y.
5
Let d(o) = 15*o**2 + 3*o - 1. Let f be d(3). Suppose -6 = -w - w. Suppose -n + w*n - 3*z = 14, -n - 5*z = -33. What is the greatest common factor of n and f?
13
Let q(i) = 3*i + 12. Let x(l) = 12*l + 48. Let o(m) = -9*q(m) + 2*x(m). Suppose -5*r = 30 - 5. Let a be o(r). Calculate the greatest common divisor of 27 and a.
3
Suppose -2*z - 12*s + 8*s + 9896 = 0, -2*s = -8. What is the highest common divisor of z and 76?
76
Let f = -31 - -36. Suppose -6*r - f + 47 = 0. Suppose -3*l + 27 = 2*t, 0*l + 3*l + 5*t = 36. Calculate the greatest common divisor of r and l.
7
Suppose -z + 58 = z. Let x = -15 + z. Let h be (1 - (-39)/(-9))*-12 + 2. What is the greatest common divisor of x and h?
14
Let n = -85 - -94. Suppose 0 = -0*u - n*u + 765. Calculate the greatest common divisor of 17 and u.
17
Let q be ((-1)/3)/((-17)/1122). What is the highest common divisor of 352 and q?
22
Let t be 1 + 0 + 7 + -4. Let p = 10 + t. Calculate the greatest common factor of 28 and p.
14
Let c be 364 + -364 - (0 + -6). Let n be 21/(-3)*30/(-7). What is the greatest common divisor of n and c?
6
Let p(q) = -q**2 - 9*q - 4. Let z be p(-8). Let v be 81/2 - (z + (-35)/10). What is the highest common factor of v and 240?
40
Let r = 7 + -16. Let v = r + 27. Suppose 0*d - v = -2*d. What is the greatest common factor of 3 and d?
3
Let l = -18 - -7. Let g = l + 21. Suppose -t - 2*t = -330. Calculate the highest common factor of g and t.
10
Suppose -3*t + 37 = -f, f - 2 + 3 = 0. What is the highest common divisor of 21 and t?
3
Let s be ((-1680)/(-21))/((-4)/(-34) - 0). Calculate the highest common factor of 40 and s.
40
Let t = 1134 + -981. What is the greatest common factor of t and 68?
17
Let w be -19*3/(-6)*2. Let h = -10 + w. Let f = -117 + 123. What is the highest common factor of h and f?
3
Let l(w) = w**2 + 5*w + 14. Let k = 85 + -88. Let t be l(k). What is the greatest common factor of 20 and t?
4
Let i be -3*(3 - (-654)/(-9) - -2). What is the greatest common divisor of i and 29?
29
Suppose -21*l = -20*l + 3*n - 41, -n - 3 = 0. What is the greatest common factor of l and 125?
25
Suppose -162 = -17*g - 60. What is the highest common factor of g and 34?
2
Let n(s) = 6*s**2 + 3*s - 3. Let w be n(2). Suppose 3*t = -37 - 41. Let f = -23 - t. What is the highest common divisor of w and f?
3
Let v(i) = 2*i**2 - 4*i. Let c be -3*2*1*(0 + 1). Let b be v(c). Calculate the highest common divisor of b and 12.
12
Let d = -652 - -674. Calculate the highest common divisor of 77 and d.
11
Suppose 0 = 5*j - c - 1095, -7*j + 1090 = -2*j - 2*c. Let r = -121 + j. Calculate the greatest common divisor of r and 11.
11
Let f be (8/10)/((-4)/(-100)). Let t(j) = -j**3 + 